 + (26 - 8).
23
Calculate (8 - 32) + -2 + 6 + 0 + -8.
-28
What is the value of 6786 + -6788 + -4 + 58 + (-1 - 1)?
50
Evaluate -14 + 3 + 2 - (45 + -155 - -56).
45
What is -19 + (-49 - -58) + -2 + 31?
19
Evaluate 1 - 22 - (14774 - 14785).
-10
Calculate -12 - 0 - (-56 - -53) - (-7 + 5 - 0).
-7
What is the value of 64 + (-34 + 22 - (4 + -1 - 1 - 6))?
56
What is (18 - (24 - 0) - (-3 - -9)) + 3?
-9
What is -49 + -1 - (-2927 - -2836)?
41
Calculate -12 - ((13 - 2) + (63 - 24) + -25).
-37
Evaluate 58 + (1 + 12 - (44 - 50)).
77
Evaluate (53 - -302) + -79 - 142.
134
11 - (36 + (-66 - -70))
-29
Evaluate -76 - -21 - -38 - -57.
40
Evaluate 0 - -70 - (-3542 + 3589).
23
What is the value of 4512 + -4425 - (0 - (-1 + -15)) - (-1 + -11)?
83
(-71 - (11 - -1 - (94 + -67))) + 1
-55
Evaluate (-4 - -22) + (-13 - 18).
-13
Calculate -14 + -3 - ((-8 - 4) + -7).
2
What is 28 - (-15 - (-25 + (14 - -4)))?
36
Calculate 6 - (-22 + 30 + 4 + -15).
9
-29 - (-21 + -45) - 16
21
Calculate -142 + 27 - -102 - (-1 - 103).
91
What is the value of 3 - 27 - -1 - -9 - ((76 - -18) + 2)?
-110
What is the value of 54 - (46 - (-53 + 36))?
-9
(-39 - -4) + (31 + -36 - 12)
-52
What is the value of -3338 - -3454 - (-3 + 33)?
86
Calculate -15 - (-8 + -11 + 6) - (-1 + -50).
49
132 + (176 + -59 - 115)
134
30 - 42 - (-8 - (-2 - -3) - (23 + -27))
-7
What is the value of -9 + -94 + 103 - (21 + 1 - 1)?
-21
What is (0 - 31) + -24 + (12 - (0 + -6)) - -3?
-34
Calculate -317 + 323 - (2 + 52 + -6 + 4).
-46
Evaluate -11 + (12 - (-5 + 18 - 15)).
3
Calculate 946 + -901 + 0 + -82.
-37
What is 9 - (31 - 40 - ((-4 - -9) + -18))?
5
(5 - -9) + 78 + -161 + 129
60
Evaluate 20 - ((-15 - (-2 - 4)) + (4 - (2 + -8))).
19
What is 8 + -13 - (14 + -10) - (3 - 54)?
42
(15 - ((10 - 11) + 6 + 15)) + 0
-5
What is 4 - 8 - (56 + -29 + 6)?
-37
Evaluate (2 - 11) + 4 + -3 - (2084 + -2140).
48
Evaluate (-10 - (-30 - -18)) + (-14 - -7 - -20).
15
Evaluate 1835 + -1854 - (-74 + -2).
57
What is the value of (-1 - 11) + (2 - 8) + (-1 - -56)?
37
What is the value of -32 + (16 - (178 - 192 - (-29 + -1)))?
-32
What is 9 + -7 + 7 - (24 + (-10 - 1))?
-4
Calculate 1 + 45 - (-213 + 214 - (-5 - -7)).
47
(6 + -4 - 32) + 2 + 21
-7
What is the value of (-50 - -10) + 109 - -33?
102
What is 11 + -19 + (30 - 9) - (25 + -2)?
-10
What is 6 + -51 + (69 - 22)?
2
What is -181 + 12 + 59 - (-4 + -2) - -19?
-85
What is the value of -134 + 31 + 16 + 35 - 22?
-74
-23 - (-14 + (20 - (-3 - 37))) - (6 + 0)
-75
-6 - (0 + 14 + -15 - -12 - 1)
-16
2241 + -2224 + (-2 - 31)
-16
-1195 - -1109 - (-1 - 24)
-61
What is the value of (0 + -3 - -6) + 45 + 23 + -6 + -25?
40
What is the value of -94 - (-201 - -106) - (1 + 0 + 4)?
-4
What is -73 + 1 - (8740 - 8806)?
-6
Calculate -64 - -12 - (44 + -108).
12
Calculate 40 - (-100 - -57 - -56).
27
Calculate 16 + (-6 - 0) - (22 - (42 + -20)).
10
What is the value of 95 + (-4 - 21) - 41?
29
What is the value of 2 + (-2 + 9 - 10 - 7) - (2 + 11)?
-21
What is -29 + 43 + -33 + 81 - (-1 - 11)?
74
Calculate 20 + 1 - (-185 + 271 + 5).
-70
Calculate -85 + (78 - (159 - 59)).
-107
What is 0 + -4 + 3 + -48 - (33 - (-38 - -72))?
-48
Calculate (44 - -13) + 2 + -6 + (2 - -11) + -3.
63
34 + -36 + 1 - -90
89
Calculate (13 + 3 - 1) + 9.
24
What is the value of 8 + 2 - (-11 - -11) - (-352 - -346)?
16
Evaluate -3 - (-9 + 0 + 36 - 6).
-24
(7 - 40) + 54 + (90 - (-3 + 1))
113
What is the value of 17 - -64 - 51 - 104?
-74
What is the value of (1 - 14 - -2) + -14 + (1 - 15 - -27)?
-12
What is -6 + 0 - (-7 + -37 + (-18 - (-2 + -15)))?
39
Calculate -1 - 55 - -2 - (-17 - (-9 - 4) - -8).
-58
4 + 2 - (62 - (14 + 6 + (0 - 21)))
-57
What is the value of (5 - (18 - (9 + -3))) + 0?
-7
-38 + -126 - -43 - (-2 - 10)
-109
Calculate -60 + -16 + (81 - -28).
33
Evaluate 9 + 17 + (-36 - -7) + (38 - -3).
38
What is 20 - (-6 - (26 - 13)) - (-20 + 7)?
52
Calculate (-1667 - -1628) + 1 + 56.
18
Calculate -13 + 18 - (14 - -24) - 9.
-42
Evaluate (-3 - (2 - 2)) + (19 - (-157 + 56)).
117
What is (-4 - (4 + -17)) + 3 + (-3 - 9)?
0
Evaluate 47 + -34 + (15 - (12 + 0)).
16
Calculate -3 - ((-89 - 2) + 2) - (-19 + -5 - -9).
101
4 + 0 + (62 - 214 - -132)
-16
What is -9 + -1 + -8688 + 8677?
-21
Calculate (-3 - (-2 - -30)) + -2 + 408 + -397.
-22
(-5 - 1) + -8 - (1 - (10 - 1) - 0)
-6
What is the value of (-966 - -997 - (30 - 1)) + 60?
62
Calculate 0 + -165 + 8258 + -8105.
-12
Calculate 476 + -452 + (3 + -1 - 14).
12
What is (1 + -6 - -1) + (4 - 3) + -5?
-8
Calculate 71 + -6 + -4 - (-473 + 489).
45
-18 + 2 - (121 - 138) - -6
7
Evaluate -27 + (-112 - -73) - -58.
-8
What is (17 - 2 - 8) + (-1 - -4 - 8) - -3?
5
What is -22 + -81 + 54 + (-6 - -18)?
-37
What is the value of -33 + 167 + -28 + -38 + -17?
51
(-61 - -94) + (1 - 51)
-17
Evaluate -11 - (-7 - -72) - (25 - (-16 - -25)).
-92
Evaluate 1 + (-2 - -13) - (-17 - -12 - -11).
6
(-6020 - -5834) + 70 + 1
-115
Calculate -5 - (-21 + -19 + -50 + 60).
25
Calculate 31 + (-61 - -35) - 41.
-36
What is the value of (-6 - 0) + (-2 - -11 - -1) + 8 - 7?
5
What is (5 - ((48 - 15) + -44)) + (1 - -8)?
25
What is the value of -11 + 21 - 4 - 46 - 11?
-51
-2 + -72 + -46 + -26 + 54 + 4
-88
1 + 11 + -22 + -3 + -1 + -111
-125
Evaluate -59 + 136 - 79 - (2 + -2 - -74).
-76
What is the value of (36 - (-10 - -15)) + (-519 - -433)?
-55
What is 99 + 1 - ((-19 + 11 - (-6 + 5)) + -8)?
115
What is the value of (1 - 0) + 319 + -338 - (1 - -12)?
-31
Calculate 106 - 99 - (76 + 27 - -1).
-97
-19 + (-3 - (-11 - 38))
27
Evaluate 2 - 0 - (-22 + (5 + -67 - -110)).
-24
Calculate -8 + 14 + -53 + 7 + 10.
-30
Evaluate -589 + 650 - (108 + 5).
-52
-181 + 191 + 1 + 18 + 11
40
(6 - 31) + 112 - 35
52
Calculate (-2004 - -1985) + (8 - 13) + (11 - 1).
-14
80 - (-56 + 5 - -38)
93
(81 - 33) + -48 + -64 + 0 + (6 - 5)
-63
-67 + -1 + (-47 - -37) + 0
-78
Calculate -9281 + 9168 + -2 + 125.
10
What is the value of (-174 - (18 + -59)) + (4 - 9)?
-138
53 - (-113 - -106 - (5 - 6 - -13))
72
(-25 - -35) + -26 + -1 + 3 + -7 + 6
-15
(93 - 0) + -26 + (-3 + -16 - -41) + -1
88
What is the value of -116 - ((33 - -58) + -195)?
-12
-317 + 299 + -1 + 2 + 4 + 64
51
Evaluate (-2 + -8 - (2 - 1)) + -23 + (-46 - -75).
-5
What is 11 + (-39 - (-96 - -40))?
28
-3 - (-3 - (-29 + (0 - -36)))
7
Calculate (-2 - (-33 - (6 + -12))) + -15 - -48.
58
Calculate (98 - (328 + -119)) + 7.
-104
What is the value of 80 - (-46 + 96) - 24?
6
4 + (10 - (-4 + 17)) + -21 + 1
-19
Calculate -7 + 52 + 19 + (22 - 33).
53
What is the value of -48 - (78 - 27 - 102)?
3
What is the value of (-17 - -5) + -8 + (10 - -1) - 28?
-37
Evaluate -148 - -51 - (1 + 0) - (-2 - -1 - 0).
-97
Calculate 1 + 143 - (1 - 54 - (663 + -738)).
122
What is -10 + (-10 - -5) + 24 + -27 + 0?
-18
-484 + 486 - (2 + 15 + 1)
-16
Calculate 32 - (-30 + 34) - -31 - 16.
43
What is 11 + 27 + (-40 - -11) + -105?
-96
3 + -9 - 4 - (4 + 13 - 48)
21
What is -61 - (-37 + 8 + -49)?
17
What is -30 - -67 - 4 - (-3 - ((6 - 4) + -2))?
36
Calculate -2 + 4 + 0 - (-46 + (-23 - -19) - -20).
32
(-2 - (2 - 1)) + (-8894 - -8920)
23
31 - (-24 - (72 + -62))
65
Evaluate 18 - (1 - -5) - 4 - -26.
34
Evaluate 2 - (8 + (-7 - (-19 + (6 - -6)) - 26)).
20
-6 - (132 + 6 + 5 + -14 + 1)
-136
What is 3 + (-11 - (9 + (14 - 66)))?
35
Calculate (-1 - 0) + (11 - 50 - -50) + -59.
-49
-35 - (9 - (-13 - -121 - 16))
48
What is the value of 8 - ((-4 - -7) + (9 + 6 + 91 - -8))?
-109
What is the value of -7840 - -7786 - (1 - 59)?
4
What is the value of -7 + 25 + -3 + (28 - 14) + -8?
21
58 + -27 + -19 - -3
15
Calculate 7 + -1 - (-24 + 31 - -9 - 41).
31
Evaluate -1 + (8 - (6 + -8)) + 20.
29
What is -4 + -32 + 16 + 60?
40
Calculate 11 + -21 + (7 - 6 - 7) + -2.
-18
Evaluate -1 + (5 - -6) - (-20 - (-2 + 5) - 2).
35
What is -8 + -1 + 13 + 59 + -133 - (3 + -14)?
-59
What is the value of (2 - (-9 - -3)) + (-18 - 13) + 98 - -13?
88
Calculate (-59 - -52) + (-39 - -34 - (-10 + 0) - 20).
-22
-48 + (24 - (-53 - -45))
-16
What is the value of -39 + (-11 - (-18 - -10)) + 10 - -3?
-29
Calculate 14 + 0 + -4 + 1 - (369 - 381).
23
Calculate ((2 - -1 - -12) + -17 - -6) + -5.
-1
What is the value of 24 + 4 + (20 + -12 - 16)?
20
Calculate 67 + -66 + (-91 - -94).
4
What is 8 + (16 - 2 - (16 - 33))?
39
What is 38 + 1 - 2 - (10581 + -10611)?
67
What is the value of (158 - 228) + (1 - 0) - (-2 + (-12 - -20))?
-75
What is the value of 87 + (-4 + 18 - (3 